 13841 a composite number?
False
Is 49307 composite?
False
Is 682901 a composite number?
False
Is 9206 composite?
True
Is 9305 composite?
True
Is 530435 a composite number?
True
Is 214063 prime?
True
Is 23801 a composite number?
False
Is 11013 a prime number?
False
Is 46857 a prime number?
False
Is 1004101 prime?
False
Is 2369 composite?
True
Is 5981 a composite number?
False
Is 32677 a prime number?
False
Is 34313 a composite number?
False
Is 1103 composite?
False
Is 2741 a prime number?
True
Is 215921 a composite number?
False
Is 34537 composite?
False
Is 33763 a composite number?
True
Is 70039 a composite number?
False
Is 33457 prime?
True
Is 20467 a prime number?
False
Is 6241 prime?
False
Is 343249 a prime number?
False
Is 160499 a composite number?
False
Is 17707 a prime number?
True
Is 406009 prime?
False
Is 400753 composite?
False
Is 4173829 prime?
False
Is 186458 prime?
False
Is 51 a composite number?
True
Is 98597 prime?
True
Is 19661 a composite number?
False
Is 1658611 a prime number?
True
Is 221849 a prime number?
True
Is 3521 a prime number?
False
Is 85 composite?
True
Is 14189 a prime number?
False
Is 138667 a prime number?
False
Is 2122873 prime?
True
Is 340723 a prime number?
True
Is 8803 composite?
False
Is 104147 a composite number?
False
Is 895091 a composite number?
True
Is 30146 a prime number?
False
Is 42857 a composite number?
True
Is 288839 prime?
True
Is 197233 composite?
False
Is 1939 a composite number?
True
Is 186551 prime?
True
Is 495937 composite?
True
Is 1254569 prime?
False
Is 406951 a prime number?
True
Is 424243 composite?
False
Is 8182 prime?
False
Is 6541 a composite number?
True
Is 663041 prime?
False
Is 21991 composite?
False
Is 13309 a composite number?
False
Is 30631 composite?
False
Is 155587 a composite number?
True
Is 3538135 composite?
True
Is 28151 prime?
True
Is 612503 a composite number?
True
Is 61351 a composite number?
True
Is 1811 a prime number?
True
Is 10159 a prime number?
True
Is 1253129 a composite number?
True
Is 3129859 prime?
True
Is 1943 prime?
False
Is 215737 a prime number?
True
Is 141689 prime?
True
Is 670121 a composite number?
True
Is 10589 composite?
False
Is 945899 a composite number?
False
Is 4001 a composite number?
False
Is 11283 prime?
False
Is 84787 composite?
False
Is 8399 composite?
True
Is 112889 a composite number?
True
Is 28073 a composite number?
True
Is 52135 a prime number?
False
Is 223129 composite?
False
Is 43201 a prime number?
True
Is 3981 prime?
False
Is 382 a prime number?
False
Is 71741 prime?
True
Is 2386 a composite number?
True
Is 2987 composite?
True
Is 2927 a composite number?
False
Is 356561 prime?
True
Is 2333 a composite number?
False
Is 6947 a prime number?
True
Is 11483 a composite number?
False
Is 28907 prime?
False
Is 449 a composite number?
False
Is 8363 prime?
True
Is 198811 a prime number?
True
Is 514343 a prime number?
True
Is 1507 a prime number?
False
Is 8057 prime?
False
Is 30283 composite?
True
Is 2511641 a prime number?
False
Is 12307 a prime number?
False
Is 75749 a composite number?
True
Is 374285 composite?
True
Is 14923 a prime number?
True
Is 7483 composite?
True
Is 15578 prime?
False
Is 794117 a prime number?
False
Is 24599 composite?
True
Is 462811 a prime number?
False
Is 226 composite?
True
Is 43573 a prime number?
True
Is 6755313 a composite number?
True
Is 13963 prime?
True
Is 2749 prime?
True
Is 383099 prime?
True
Is 2035543 a composite number?
True
Is 19277 a prime number?
False
Is 204583 prime?
True
Is 10687 prime?
True
Is 40699 a prime number?
True
Is 14969 composite?
False
Is 79721 prime?
False
Is 1435829 a composite number?
False
Is 101345 a composite number?
True
Is 147831 a composite number?
True
Is 113279 a prime number?
True
Is 3453 a prime number?
False
Is 24019 composite?
False
Is 1201 a composite number?
False
Is 34 a prime number?
False
Is 190997 prime?
True
Is 4889 composite?
False
Is 66683 composite?
False
Is 149969 a prime number?
True
Is 1461 a composite number?
True
Is 27787 a prime number?
False
Is 77641 prime?
True
Is 4999 prime?
True
Is 47863 a prime number?
False
Is 118127 prime?
True
Is 110221 a composite number?
False
Is 53747 prime?
False
Is 688265 a composite number?
True
Is 4834315 a composite number?
True
Is 65818 a prime number?
False
Is 12349 a prime number?
False
Is 2705 prime?
False
Is 580231 a prime number?
True
Is 1177 prime?
False
Is 33809 a prime number?
True
Is 82021 a prime number?
True
Is 32687 composite?
False
Is 54829 prime?
True
Is 117953 composite?
True
Is 1438 a composite number?
True
Is 1133987 a prime number?
False
Is 104987 a prime number?
True
Is 117053 a composite number?
False
Is 59897 a prime number?
False
Is 3287 a composite number?
True
Is 46283 prime?
False
Is 81245 prime?
False
Is 671995 composite?
True
Is 9753 a composite number?
True
Is 3389 a prime number?
True
Is 251035 a prime number?
False
Is 55469 a composite number?
False
Is 77003 composite?
False
Is 36037 prime?
True
Is 138727 composite?
False
Is 4889 a prime number?
True
Is 12247 a composite number?
True
Is 1354471 composite?
False
Is 6421 a prime number?
True
Is 59833 a composite number?
False
Is 481997 prime?
True
Is 19369 prime?
False
Is 2260603 a prime number?
True
Is 4999 prime?
True
Is 1408351 prime?
False
Is 192113 a prime number?
True
Is 2467 composite?
False
Is 10079 composite?
False
Is 249037 a prime number?
True
Is 1195 a prime number?
False
Is 202121 composite?
False
Is 13577 prime?
True
Is 2916455 prime?
False
Is 6535 a composite number?
True
Is 17551 a composite number?
False
Is 1116053 composite?
False
Is 1252717 a prime number?
True
Is 43453 a composite number?
True
Is 5615 prime?
False
Is 164729 a composite number?
False
Is 9991 prime?
False
Is 69191 a prime number?
True
Is 70259 a prime number?
False
Is 2437 a composite number?
False
Is 265861 prime?
True
Is 256287 a prime number?
False
Is 14479 a composite number?
False
Is 28969 a composite number?
True
Is 648257 a composite number?
False
Is 31957 composite?
False
Is 91271 prime?
False
Is 242057 composite?
False
Is 56669 a composite number?
True
Is 1560653 a composite number?
False
Is 118343 a composite number?
False
Is 12053 prime?
False
Is 67 composite?
False
Is 1268971 a prime number?
False
Is 12133 a prime number?
False
Is 7067 a composite number?
True
Is 225517 prime?
False
Is 1780939 prime?
True
Is 24901 a composite number?
True
Is 26977 a prime number?
False
Is 1028803 prime?
True
Is 2819 prime?
True
Is 61331 prime?
True
Is 71387 a composite number?
False
Is 2395 prime?
False
Is 149971 a composite number?
False
Is 56269 a composite number?
False
Is 229571 a prime number?
False
Is 351809 prime?
False
Is 11821 composite?
False
Is 2539189 prime?
True
Is 1801 a composite number?
False
Is 742609 composite?
True
Is 1151 prime?
True
Is 49727 a prime number?
True
Is 332653 a composite number?
True
Is 800729 composite?
False
Is 260783 a prime number?
False
Is 1000667 composite?
False
Is 95061 composite?
True
Is 683231 composite?
False
Is 11541 composite?
True
Is 4241 prime?
True
Is 9253 a prime number?
False
Is 7867 a prime number?
True
Is 15677 prime?
False
Is 662 a prime number?
False
Is 66319 composite?
True
Is 1399 a prime number?
True
Is 130957 composite?
False
Is 37717 a composite number?
False
Is 152183 a prime number?
True
Is 1931 composite?
False
Is 812431 prime?
True
Is 16319 composite?
False
Is 1348997 prime?
False
Is 60941 a composite number?
True
Is 437 a composite number?
True
Is 89041 composite?
False
Is 17785 a prime number?
False
Is 33793 a prime number?
False
Is 944359 prime?
False
Is 47597 prime?
False
Is 16859 a prime number?
False
Is 705137 prime?
True
Is 516469 prime?
True
Is 4831 a prime number?
True
Is 4987 a prime number?
True
Is 21071 composite?
True
Is 1337 prime?
False
Is 191179 a composite number?
True
Is 1841 prime?
False
Is 10211 a composite number?
False
Is 14513 a composite number?
True
Is 8101 composite?
False
Is 5631497 a prime number?
False
Is 15907 prime?
True
Is 12335 composite?
True
Is 1514179 a prime number?
True
Is 34478 prime?
False
Is 9521 a prime number?
True
Is 7737 a prime number?
False
Is 4111 prime?
True
Is 24197 prime?
True
Is 1067 a prime number?
False
Is 10394 a composite number?
True
Is 13